
True
Does 1032 divide 464072024?
False
Is 18873837 a multiple of 2889?
True
Is 27376571 a multiple of 283?
True
Is 25 a factor of 305864089?
False
Is 2249099262 a multiple of 258?
True
Is 87 a factor of 13359051?
False
Is 915 a factor of 499489350?
True
Is 22846192 a multiple of 337?
False
Is 37 a factor of 727622?
False
Does 10 divide 3748009587?
False
Does 3275 divide 2483118?
False
Is 1518955900 a multiple of 30?
False
Is 1034955892 a multiple of 11?
False
Does 558 divide 1626143688?
True
Is 7 a factor of 26597552?
False
Does 26 divide 116945166?
True
Is 3616 a factor of 519376928?
True
Does 1251 divide 10469619?
True
Is 6005 a factor of 107939875?
True
Is 3632 a factor of 64384464?
True
Is 854 a factor of 157119276?
False
Is 170005916 a multiple of 645?
False
Does 1880 divide 71108493?
False
Is 3405 a factor of 626615340?
True
Is 1593997648 a multiple of 957?
False
Is 35342144 a multiple of 97?
True
Does 208 divide 289642912?
True
Is 859728966 a multiple of 194?
False
Is 419112564 a multiple of 169?
True
Is 1208 a factor of 398090360?
True
Is 1136168660 a multiple of 20?
True
Is 11461035 a multiple of 15?
True
Is 9 a factor of 66284478?
True
Is 653200506 a multiple of 266?
True
Does 47 divide 4438486830?
True
Does 21 divide 162113826?
True
Does 4041 divide 178355040?
False
Does 2318 divide 3526352538?
True
Is 5 a factor of 498682665?
True
Is 35 a factor of 24097745?
True
Does 9 divide 49328066?
False
Is 2586003 a multiple of 14?
False
Is 83340579 a multiple of 61?
True
Does 57 divide 21294345?
True
Is 4027586221 a multiple of 747?
False
Is 132905030 a multiple of 47?
False
Does 55 divide 148777088?
False
Does 41 divide 280640490?
True
Does 33 divide 33630827?
False
Is 208 a factor of 219945648?
True
Is 475182230 a multiple of 22?
False
Is 1047216798 a multiple of 18?
True
Is 160534 a multiple of 840?
False
Does 107 divide 196393308?
False
Is 1415 a factor of 144581870?
True
Is 2718 a factor of 64427472?
True
Does 301 divide 35504756?
True
Is 151 a factor of 30955663?
False
Does 422 divide 2211191253?
False
Does 2 divide 92521?
False
Does 26 divide 2746812?
False
Does 1584 divide 14844098?
False
Is 2213844906 a multiple of 6480?
False
Is 72 a factor of 32738706?
False
Is 368 a factor of 77966688?
True
Is 1316 a factor of 840454188?
True
Is 20113600 a multiple of 320?
True
Is 143561808 a multiple of 13?
True
Is 7234 a factor of 7664472426?
False
Does 5 divide 705715?
True
Is 6801981401 a multiple of 673?
False
Is 521300880 a multiple of 506?
False
Is 17242851 a multiple of 3?
True
Is 5475891 a multiple of 20?
False
Does 175 divide 72780922?
False
Does 110 divide 520155725?
False
Is 7455487 a multiple of 3?
False
Is 1201 a factor of 40652389?
False
Is 1224 a factor of 53540208?
True
Does 2 divide 105339220?
True
Is 15 a factor of 721761161?
False
Is 2040357519 a multiple of 1905?
False
Is 20 a factor of 244739600?
True
Does 56 divide 135610?
False
Is 704455710 a multiple of 35?
True
Is 594255961 a multiple of 2593?
True
Is 73226784 a multiple of 96?
True
Does 437 divide 257556438?
True
Does 54 divide 415739628?
True
Does 6 divide 181872378?
True
Is 158 a factor of 130468500?
True
Is 228171377 a multiple of 31?
True
Is 2156002096 a multiple of 2732?
False
Is 633272273 a multiple of 119?
False
Does 189 divide 32844987?
True
Is 904816194 a multiple of 4947?
True
Is 87520812 a multiple of 2309?
False
Does 64 divide 881910?
False
Is 1482712704 a multiple of 128?
True
Is 12341100 a multiple of 5308?
True
Is 165836210 a multiple of 115?
True
Is 3225745707 a multiple of 19?
False
Is 652 a factor of 534474891?
False
Does 106 divide 504282014?
False
Is 509 a factor of 326658894?
True
Does 125 divide 27544250?
True
Is 24 a factor of 23956067?
False
Is 941 a factor of 1454820817?
True
Does 3329 divide 54762050?
True
Is 12520429 a multiple of 401?
False
Is 497008734 a multiple of 51?
False
Is 5284005 a multiple of 5?
True
Does 3521 divide 6299795805?
False
Does 9 divide 2464250717?
False
Does 11 divide 156921130?
False
Is 181737661 a multiple of 23?
False
Is 8 a factor of 24797865?
False
Is 5567612676 a multiple of 1479?
True
Does 37 divide 70930887?
True
Is 61839540 a multiple of 7?
True
Is 920 a factor of 170700480?
True
Is 1024186681 a multiple of 21?
False
Does 140 divide 1046514549?
False
Is 32 a factor of 2583935122?
False
Is 88089975 a multiple of 747?
True
Does 25 divide 126962906?
False
Is 21 a factor of 116230788?
False
Does 64 divide 106675866?
False
Is 476655196 a multiple of 22?
False
Is 24779239 a multiple of 47?
False
Is 22538896 a multiple of 16?
True
Is 144 a factor of 100654107?
False
Is 1538544676 a multiple of 1766?
False
Is 70799294 a multiple of 632?
False
Is 198585156 a multiple of 2436?
True
Is 2979941404 a multiple of 1715?
False
Is 64 a factor of 11694208?
True
Is 51180570 a multiple of 52?
False
Is 8620482 a multiple of 334?
False
Is 129623516 a multiple of 3916?
True
Is 65 a factor of 57720260?
True
Does 23 divide 252571624?
False
Is 102214518 a multiple of 35?
False
Is 146 a factor of 8352937?
False
Is 16 a factor of 148394766?
False
Does 635 divide 1521520960?
True
Is 153168038 a multiple of 19?
False
Is 11738375 a multiple of 25?
True
Is 12 a factor of 212027927?
False
Is 146030955 a multiple of 105?
True
Does 16 divide 1045238848?
True
Is 1735741864 a multiple of 3736?
True
Does 3 divide 1112793?
True
Is 696672938 a multiple of 991?
False
Is 3471607230 a multiple of 465?
True
Does 857 divide 147199941?
False
Is 119 a factor of 10376562?
True
Does 164 divide 11029820?
True
Is 27 a factor of 1711724623?
False
Is 470251146 a multiple of 67?
False
Is 54 a factor of 32589054?
True
Is 176 a factor of 17280391?
False
Is 566 a factor of 156494031?
False
Does 393 divide 369139009?
False
Does 35 divide 1324823850?
True
Does 30 divide 4256338?
False
Is 14 a factor of 393752296?
True
Is 327771951 a multiple of 37?
False
Is 67 a factor of 893169563?
True
Does 4 divide 39657758?
False
Does 66 divide 358199?
False
Does 92 divide 362204?
True
Is 78 a factor of 135455600?
False
Does 73 divide 39869532?
False
Is 4082 a factor of 244760754?
False
Does 390 divide 1649462100?
True
Is 76348096 a multiple of 2?
True
Does 551 divide 39243319?
False
Does 1826 divide 28446452?
False
Is 7997328 a multiple of 237?
True
Does 21 divide 76274618?
False
Does 58 divide 9101534?
True
Does 1679 divide 79945302?
False
Is 1184 a factor of 58229659?
False
Is 12080124 a multiple of 14?
True
Is 15157032 a multiple of 24?
True
Is 462317908 a multiple of 194?
True
Is 10 a factor of 133443788?
False
Is 15 a factor of 31157867?
False
Does 31 divide 778361?
False
Is 2502630432 a multiple of 2441?
False
Is 12 a factor of 335801460?
True
Is 81745220 a multiple of 940?
True
Is 152 a factor of 3494064?
False
Is 3858469467 a multiple of 578?
False
Is 1402 a factor of 3645692841?
False
Is 1780438109 a multiple of 122?
False
Is 322893010 a multiple of 110?
True
Is 55466238 a multiple of 260?
False
Does 1005 divide 236116774?
False
Is 469776721 a multiple of 45?
False
Is 6 a factor of 3457920?
True
Is 142 a factor of 4069578?
True
Is 1878 a factor of 168268800?
True
Does 6 divide 29630815?
False
Does 139 divide 25829675?
True
Is 8 a factor of 461379224?
True
Is 4345045 a multiple of 5?
True
Is 19 a factor of 990456308?
False
Is 147 a factor of 1897983297?
True
Does 2260 divide 68692641?
False
Is 1033909847 a multiple of 27?
False
Does 2092 divide 1515441066?
False
Is 24 a factor of 3109516800?
True
Is 87165963 a multiple of 27?
True
Does 12 divide 72723216?
True
Is 4773371 a multiple of 99?
False
Does 5 divide 565160775?
True
Does 150 divide 1227010931?
False
Is 6564 a factor of 361650144?
True
Does 19 divide 13869125?
False
Is 3341860145 a multiple of 4079?
False
Is 90 a factor of 619022713?
False
Is 218 a factor of 488560947?
False
Does 559 divide 4025894?
False
Does 1744 divide 1096393804?
False
Is 120701401 a multiple of 714?
False
Is 547793247 a multiple of 1181?
False
Does 16 divide 53948021?
False
Is 836 a factor of 2733025893?
False
Is 39 a factor of 187382661?
False
Does 602 divide 144750680?
False
Is 3246 a factor of 341158970?
False
Is 93691620 a multiple of 66?
True
Is 132967680 a multiple of 1240?
True
Does 16 divide 2295339280?
True
Is 8 a factor of 176464